{"id":25598,"date":"2024-02-22T13:34:27","date_gmt":"2024-02-22T13:34:27","guid":{"rendered":"https:\/\/esceramicbisbal.com\/?post_type=product&#038;p=25598"},"modified":"2024-02-27T17:35:37","modified_gmt":"2024-02-27T17:35:37","slug":"tecnicas-de-torno-y-realizacion-de-platos-es2429-profesor-marcos-pacheco-julio-2024","status":"publish","type":"product","link":"https:\/\/esceramicbisbal.com\/es\/producte\/tecnicas-de-torno-y-realizacion-de-platos-es2429-profesor-marcos-pacheco-julio-2024","title":{"rendered":"T\u00c9CNICAS DE TORNO Y REALIZACI\u00d3N DE PLATOS &#8211; ES2429- Profesor Marcos Pacheco &#8211; Del 22 al 27 de julio 2024"},"content":{"rendered":"<p>La necesidad de plantear un curso de una semana exclusivamente de platos ha surgido del inter\u00e9s\u00a0\u00a0 de la inmensa mayor\u00eda de restaurantes. En la que demandan un modelo de plato, trabajado a mano o al torno sin que intervenga la industrializaci\u00f3n y el modelo seriado del producto. Es por esto que queremos ofrecer una profesionalizaci\u00f3n completa de un producto que al torno requiere de una gran experiencia.<\/p>\n<p>&nbsp;<\/p>\n<p>En este curso se trabajar\u00e1 la manipulaci\u00f3n de la arcilla hasta los diferentes acabados de los platos, en este curso se fusiona la tradici\u00f3n de la alfarer\u00eda con la creaci\u00f3n contempor\u00e1nea de platos al torno.<\/p>\n<p>Programa<\/p>\n<ul>\n<li>Preparaci\u00f3n de la arcilla modelando su plasticidad.<\/li>\n<li>Demostraci\u00f3n del centrado de la arcilla y preparaci\u00f3n.<\/li>\n<li>Abertura de la arcilla y primera pinza.<\/li>\n<li>Explicaci\u00f3n de la segunda pinza y estirado de la arcilla.<\/li>\n<li>Realizaci\u00f3n de cada alumnos de sus propias NAFS, pieza que usaban los alfareros y que se utiliza para la realizaci\u00f3n de platos.<\/li>\n<li>Pr\u00e1cticas de elaboraci\u00f3n de platos de diferentes medidas.<\/li>\n<li>Pulido y acabado de los platos de distintas medidas.<\/li>\n<li>Platos grandes para la presentaci\u00f3n de mesas de restaurantes.<\/li>\n<li>Cocci\u00f3n.<\/li>\n<\/ul>\n","protected":false},"excerpt":{"rendered":"<p>NOMBRE CURSO: REALIZACI\u00d3N DE PLATOS AL TORNO<\/p>\n<p>FECHA CURSO: Del 22 al 27 julio 2024<\/p>\n<p><strong>S\u00e1bado por la ma\u00f1ana apertura del horno y recogida de piezas<\/strong><\/p>\n<p>PROFESOR: Marcos Pacheco<\/p>\n<p>HORARIO CURSO: 9&#8217;00h a 13&#8217;00h y de 15&#8217;00h a 19&#8217;00h.<\/p>\n<p>S\u00e1bado por la ma\u00f1ana apertura del horno y recogida de piezas<\/p>\n<p>IDIOMA: Espa\u00f1ol \/ Catal\u00e1n<\/p>\n<p>Precio curso 495 \u20ac + Material 30 \u20ac &#8211; Total 525 \u20ac<\/p>\n<p>PRECIO ALOJAMIENTO (opcional):<\/p>\n<p>Residencia: 185 \u20ac por persona y semana (habitaci\u00f3n compartida)<br \/>\nCamping: 80 \u20ac por persona y semana<\/p>\n<p>Est\u00e1 prevista la llegada el d\u00eda antes de empezar el curso entre las 19 y las 20 horas, y la salida el s\u00e1bado a las 9 de la ma\u00f1ana.<\/p>\n<p>Para informaci\u00f3n relativa al alojamiento debe clicar en la pesta\u00f1a alojamiento<\/p>\n<p>&nbsp;<\/p>\n<p>EMAIL CONTACTO: info@esceramicbisbal.net<\/p>\n<p>TEL\u00c9FONO CONTACTO: 972 64 25 14<\/p>\n<p>NUMERO M\u00cdNIMO Y M\u00c1XIMO ALUMNOS: M\u00ednimo 5 &#8211; M\u00e1ximo 10<\/p>\n<p>CONOCIMIENTOS PREVIOS ALUMNOS: No son necesarios<\/p>\n<p>*El pago de 170\u20ac en concepto de reserva ser\u00e1 descontado del precio total del curso.<\/p>\n<p>&nbsp;<\/p>\n","protected":false},"featured_media":10719,"template":"","meta":[],"product_brand":[],"product_cat":[116],"product_tag":[],"dates-dels-cursos-estiu":[],"setmana-santa-o-festiu":[],"setmanal":[],"class_list":{"0":"post-25598","1":"product","2":"type-product","3":"status-publish","4":"has-post-thumbnail","6":"product_cat-no-verano","8":"first","9":"outofstock","10":"sold-individually","11":"shipping-taxable","12":"purchasable","13":"product-type-simple"},"_links":{"self":[{"href":"https:\/\/esceramicbisbal.com\/es\/wp-json\/wp\/v2\/product\/25598","targetHints":{"allow":["GET"]}}],"collection":[{"href":"https:\/\/esceramicbisbal.com\/es\/wp-json\/wp\/v2\/product"}],"about":[{"href":"https:\/\/esceramicbisbal.com\/es\/wp-json\/wp\/v2\/types\/product"}],"wp:featuredmedia":[{"embeddable":true,"href":"https:\/\/esceramicbisbal.com\/es\/wp-json\/wp\/v2\/media\/10719"}],"wp:attachment":[{"href":"https:\/\/esceramicbisbal.com\/es\/wp-json\/wp\/v2\/media?parent=25598"}],"wp:term":[{"taxonomy":"product_brand","embeddable":true,"href":"https:\/\/esceramicbisbal.com\/es\/wp-json\/wp\/v2\/product_brand?post=25598"},{"taxonomy":"product_cat","embeddable":true,"href":"https:\/\/esceramicbisbal.com\/es\/wp-json\/wp\/v2\/product_cat?post=25598"},{"taxonomy":"product_tag","embeddable":true,"href":"https:\/\/esceramicbisbal.com\/es\/wp-json\/wp\/v2\/product_tag?post=25598"},{"taxonomy":"dates-dels-cursos-estiu","embeddable":true,"href":"https:\/\/esceramicbisbal.com\/es\/wp-json\/wp\/v2\/dates-dels-cursos-estiu?post=25598"},{"taxonomy":"setmana-santa-o-festiu","embeddable":true,"href":"https:\/\/esceramicbisbal.com\/es\/wp-json\/wp\/v2\/setmana-santa-o-festiu?post=25598"},{"taxonomy":"setmanal","embeddable":true,"href":"https:\/\/esceramicbisbal.com\/es\/wp-json\/wp\/v2\/setmanal?post=25598"}],"curies":[{"name":"wp","href":"https:\/\/api.w.org\/{rel}","templated":true}]}}

TÉCNICAS DE TORNO Y REALIZACIÓN DE PLATOS &#8211; ES2429- Profesor Marcos Pacheco &#8211; Del 22 al 27 de julio 2024

<p>La necesidad de plantear un curso de una semana exclusivamente de platos ha surgido del interés   de la inmensa mayoría de restaurantes. En la que demandan un modelo de plato, trabajado a mano o al torno sin que intervenga la industrialización y el modelo seriado del producto. Es por esto que queremos ofrecer una profesionalización completa de un producto que al torno requiere de una gran experiencia.</p>
<p>&nbsp;</p>
<p>En este curso se trabajará la manipulación de la arcilla hasta los diferentes acabados de los platos, en este curso se fusiona la tradición de la alfarería con la creación contemporánea de platos al torno.</p>
<p>Programa</p>
<ul>
<li>Preparación de la arcilla modelando su plasticidad.</li>
<li>Demostración del centrado de la arcilla y preparación.</li>
<li>Abertura de la arcilla y primera pinza.</li>
<li>Explicación de la segunda pinza y estirado de la arcilla.</li>
<li>Realización de cada alumnos de sus propias NAFS, pieza que usaban los alfareros y que se utiliza para la realización de platos.</li>
<li>Prácticas de elaboración de platos de diferentes medidas.</li>
<li>Pulido y acabado de los platos de distintas medidas.</li>
<li>Platos grandes para la presentación de mesas de restaurantes.</li>
<li>Cocción.</li>
</ul>

<p>NOMBRE CURSO: REALIZACIÓN DE PLATOS AL TORNO</p>
<p>FECHA CURSO: Del 22 al 27 julio 2024</p>
<p><strong>Sábado por la mañana apertura del horno y recogida de piezas</strong></p>
<p>PROFESOR: Marcos Pacheco</p>
<p>HORARIO CURSO: 9&#8217;00h a 13&#8217;00h y de 15&#8217;00h a 19&#8217;00h.</p>
<p>Sábado por la mañana apertura del horno y recogida de piezas</p>
<p>IDIOMA: Español / Catalán</p>
<p>Precio curso 495 € + Material 30 € &#8211; Total 525 €</p>
<p>PRECIO ALOJAMIENTO (opcional):</p>
<p>Residencia: 185 € por persona y semana (habitación compartida)<br />
Camping: 80 € por persona y semana</p>
<p>Está prevista la llegada el día antes de empezar el curso entre las 19 y las 20 horas, y la salida el sábado a las 9 de la mañana.</p>
<p>Para información relativa al alojamiento debe clicar en la pestaña alojamiento</p>
<p>&nbsp;</p>
<p>EMAIL CONTACTO: info@esceramicbisbal.net</p>
<p>TELÉFONO CONTACTO: 972 64 25 14</p>
<p>NUMERO MÍNIMO Y MÁXIMO ALUMNOS: Mínimo 5 &#8211; Máximo 10</p>
<p>CONOCIMIENTOS PREVIOS ALUMNOS: No son necesarios</p>
<p>*El pago de 170€ en concepto de reserva será descontado del precio total del curso.</p>
<p>&nbsp;</p>
